{"id":20,"date":"2018-04-13T14:40:53","date_gmt":"2018-04-13T14:40:53","guid":{"rendered":"http:\/\/schaell.info\/?page_id=20"},"modified":"2025-11-06T09:19:29","modified_gmt":"2025-11-06T08:19:29","slug":"nlp-coaching","status":"publish","type":"page","link":"https:\/\/schaell.info\/?page_id=20","title":{"rendered":"Coaching"},"content":{"rendered":"<p><strong>Coaching<br \/>\n<\/strong><br \/>\nEs macht\u00a0 mir gro\u00dfe Freude, Menschen zu helfen und sie im Umgang\u00a0 mit schwierigen Situationen in allen Lebensbereichen zu unterst\u00fctzen.<br \/>\nViele Menschen stehen aus den unterschiedlichsten Gr\u00fcnden unter Druck und Stress. Scheinbar unl\u00f6sbare Probleme oder immer wiederkehrende Erfahrungen, sei es mit Beziehungen, der Arbeit oder anderen Bereichen machen das Leben freudlos und anstrengend. Oft ist eine k\u00f6rperliche Erkrankung oder psychisches Leiden die Folge. Diese negativen Erfahrungen blockieren uns darin, wirksame \u00c4nderungen vorzunehmen. Ein neuer Partner, ein neuer Job etc. bringt h\u00e4ufig nur kurzfristige Verbesserung.<br \/>\nNach einiger Zeit stehen wir wieder vor einem \u00e4hnlichen Problem. Gespr\u00e4chstherapie, Achtsamkeitstraining und Methoden des NLP k\u00f6nnen helfen, diese Muster zu durchbrechen und Sie in vielen Bereichen f\u00e4higer und kompetenter zu machen.<\/p>\n<p>Die Methoden sind vielf\u00e4ltig anwendbar.<\/p>\n<ul>\n<li>Burn-out Pr\u00e4ventiom<\/li>\n<li>Stress und Belastung im beruflichen Alltag zu bew\u00e4ltigen<\/li>\n<li>Erh\u00f6hung der Durchsetzungskraft<\/li>\n<li>Mit Kritik umzugehen und selbst konstruktiv Kritik zu \u00fcben<\/li>\n<li>Erh\u00f6htes Verst\u00e4ndnis f\u00fcr andere<\/li>\n<li>Entscheidungsfindung<\/li>\n<li>Verbesserung Selbstpr\u00e4sentation<\/li>\n<li>Sicheres und selbstbewusstes Auftreten und besseres Pr\u00e4sentieren vor Gruppen<\/li>\n<li>Ihre Pers\u00f6nlichkeitsentwicklung zu f\u00f6rdern<\/li>\n<li>Training f\u00fcr Bewerbungsgespr\u00e4cheNat\u00fcrlich k\u00f6nnen Sie auch Unterst\u00fctzung in anderen Bereichen bekommen.<\/li>\n<\/ul>\n<p>Nat\u00fcrlich k\u00f6nnen Sie auch Unterst\u00fctzung in anderen Bereichen bekommen.<\/p>\n<p>&nbsp;<\/p>\n<p><strong>Walk and Talk<\/strong><br \/>\nIch coache Sie bei einem Spaziergang. W\u00e4hrend Sie die Natur mit allen Sinnen genie\u00dfen, finden Sie L\u00f6sungen und kommen zu neuen Erkenntnissen.<\/p>\n<p><strong>Allgemeines<\/strong><br \/>\nNLP untersucht die Muster (\u201eProgrammierungen\u201c), die durch die Interaktion zwischen Gehirn, Sprache und K\u00f6rper entstehen. Diese Muster unterliegen der subjektiven Erfahrung und k\u00f6nnen sowohl effektives als auch ineffektives Verhalten produzieren. NLP nutzt kompaktes Wissen, um Menschen in verschiedensten Bereichen f\u00e4higer zu Viele Menschen nutzen NLP, um Einschr\u00e4nkungen und Blockaden in ihrem Leben zu \u00fcberwinden, Ver\u00e4nderungsprozesse einzuleiten oder zu unterst\u00fctzen.<\/p>\n<p>Neuro-Linguistisches Programmieren, besch\u00e4ftigt sich mit der Frage, welche Faktoren unser Erleben steuern und wie wir unsere Erfahrungen selbst hervorbringen. Mit anderen Worten: NLP widmet sich dem Studium der menschlichen Subjektivit\u00e4t.<\/p>\n<p>Menschen unterscheiden sich in der Art und Weise, wie sie bestimmte Situationen, sich selbst, andere Menschen, ihre Beziehungen, ihre berufliche T\u00e4tigkeit und den Alltag erleben. Je nachdem, wie wir uns und unsere Umwelt wahrnehmen, wie wir denken, f\u00fchlen und diese Gef\u00fchle bewerten, kann ein und dieselbe Situation als angenehm und wohltuend oder als schwierig und belastend erlebt werden. In diesem Sinne erschafft jeder einzelne Mensch seine eigene und einzigartige Realit\u00e4t.<\/p>\n","protected":false},"excerpt":{"rendered":"<p>Coaching Es macht\u00a0 mir gro\u00dfe Freude, Menschen zu helfen und sie im Umgang\u00a0 mit schwierigen Situationen in allen Lebensbereichen zu unterst\u00fctzen. Viele Menschen stehen aus den unterschiedlichsten Gr\u00fcnden unter Druck und Stress. Scheinbar unl\u00f6sbare Probleme oder immer wiederkehrende Erfahrungen, sei es mit Beziehungen, der Arbeit oder anderen Bereichen machen das Leben freudlos und anstrengend. Oft &hellip; <\/p>\n<p class=\"link-more\"><a href=\"https:\/\/schaell.info\/?page_id=20\" class=\"more-link\"><span class=\"screen-reader-text\">\u201eCoaching\u201c<\/span> weiterlesen<\/a><\/p>\n","protected":false},"author":1,"featured_media":0,"parent":0,"menu_order":0,"comment_status":"closed","ping_status":"closed","template":"","meta":{"footnotes":""},"_links":{"self":[{"href":"https:\/\/schaell.info\/index.php?rest_route=\/wp\/v2\/pages\/20"}],"collection":[{"href":"https:\/\/schaell.info\/index.php?rest_route=\/wp\/v2\/pages"}],"about":[{"href":"https:\/\/schaell.info\/index.php?rest_route=\/wp\/v2\/types\/page"}],"author":[{"embeddable":true,"href":"https:\/\/schaell.info\/index.php?rest_route=\/wp\/v2\/users\/1"}],"replies":[{"embeddable":true,"href":"https:\/\/schaell.info\/index.php?rest_route=%2Fwp%2Fv2%2Fcomments&post=20"}],"version-history":[{"count":11,"href":"https:\/\/schaell.info\/index.php?rest_route=\/wp\/v2\/pages\/20\/revisions"}],"predecessor-version":[{"id":143,"href":"https:\/\/schaell.info\/index.php?rest_route=\/wp\/v2\/pages\/20\/revisions\/143"}],"wp:attachment":[{"href":"https:\/\/schaell.info\/index.php?rest_route=%2Fwp%2Fv2%2Fmedia&parent=20"}],"curies":[{"name":"wp","href":"https:\/\/api.w.org\/{rel}","templated":true}]}}