{"id":22,"date":"2019-01-20T14:40:00","date_gmt":"2019-01-20T13:40:00","guid":{"rendered":"http:\/\/schaell.info\/?page_id=22"},"modified":"2025-11-09T09:31:12","modified_gmt":"2025-11-09T08:31:12","slug":"impressum","status":"publish","type":"page","link":"https:\/\/schaell.info\/?page_id=22","title":{"rendered":"Impressum und Datenschutz"},"content":{"rendered":"\n<p>Walburga Sch\u00e4ll<\/p>\n\n\n\n<p>Pl\u00f6tzenstr. 14<\/p>\n\n\n\n<p>31139 Hildesheim<\/p>\n\n\n\n<p>Tel. 05121-266996<\/p>\n\n\n\n<p>www.schaell.info<\/p>\n\n\n\n<p>Berufsbezeichnung: Heilpraktikerin<br> \u00a0<br>Verliehen durch: Gesundheitsamt Neu Strelitz<\/p>\n\n\n\n<p>Aufsichtsbeh\u00f6rde: Gesundheitsamt Hildesheim<\/p>\n\n\n\n<p>Finanzamt Hildesheim &#8211;  30\/140\/08178<\/p>\n\n\n\n<p>Es gelten folgende berufsrechtliche Regelungen:<\/p>\n\n\n\n<p>Gesetz \u00fcber die berufsm\u00e4\u00dfige Aus\u00fcbung der Heilkunde ohne Bestallung<\/p>\n\n\n\n<p>(Heilpraktikergesetz)<\/p>\n\n\n\n<p>Angaben zur Berufshaftpflichtversicherung:<\/p>\n\n\n\n<p>Name und Sitz der Gesellschaft:<br>\n<br>\nContinentale Sachversicherung AG<br>\nRuhrallee 92<br>\n44139 Dortmund<\/p>\n\n\n\n<p>Geltungsraum der Versicherung: Deutschland<\/p>\n\n\n\n<p>Datenschutzerkl\u00e4rung<\/p>\n\n\n\n<p><strong>Datenschutz<\/strong><\/p>\n\n\n\n<p>Die Betreiber dieser Seiten nehmen den Schutz Ihrer pers\u00f6nlichen Daten sehr\nernst. Wir behandeln Ihre personenbezogenen Daten vertraulich und entsprechend\nder gesetzlichen Datenschutzvorschriften sowie dieser Datenschutzerkl\u00e4rung.<\/p>\n\n\n\n<p>Die Nutzung unserer Webseite ist in der Regel ohne Angabe personenbezogener\nDaten m\u00f6glich. Soweit auf unseren Seiten personenbezogene Daten (beispielsweise\nName, Anschrift oder E-Mail-Adressen) erhoben werden, erfolgt dies, soweit\nm\u00f6glich, stets auf freiwilliger Basis. Diese Daten werden ohne Ihre\nausdr\u00fcckliche Zustimmung nicht an Dritte weitergegeben.<\/p>\n\n\n\n<p>Wir weisen darauf hin, dass die Daten\u00fcbertragung im Internet (z.B. bei der\nKommunikation per E-Mail) Sicherheitsl\u00fccken aufweisen kann. Ein l\u00fcckenloser\nSchutz der Daten vor dem Zugriff durch Dritte ist nicht m\u00f6glich.<\/p>\n\n\n\n<p><strong>Auskunft, L\u00f6schung, Sperrung<\/strong><\/p>\n\n\n\n<p>Sie haben jederzeit das Recht auf unentgeltliche Auskunft \u00fcber Ihre\ngespeicherten personenbezogenen Daten, deren Herkunft und Empf\u00e4nger und den\nZweck der Datenverarbeitung sowie ein Recht auf Berichtigung, Sperrung oder\nL\u00f6schung dieser Daten. Hierzu sowie zu weiteren Fragen zum Thema\npersonenbezogene Daten k\u00f6nnen Sie sich jederzeit unter der im Impressum\nangegebenen Adresse an uns wenden.<\/p>\n\n\n\n<p><strong>Kontaktformular<\/strong><\/p>\n\n\n\n<p>Wenn Sie mir per Kontaktformular Anfragen zukommen lassen, werden Ihre Angaben aus dem Anfrage Formular inklusive der von Ihnen dort angegebenen Kontaktdaten zwecks Bearbeitung der Anfrage und f\u00fcr den Fall von Anschlussfragen bei uns gespeichert. Diese Daten geben wir nicht ohne Ihre Einwilligung weiter.<\/p>\n\n\n\n<p><strong>Widerspruch Werbe-Mails<\/strong><\/p>\n\n\n\n<p>Der Nutzung von im Rahmen der Impressums Pflicht ver\u00f6ffentlichten Kontaktdaten zur \u00dcbersendung von nicht ausdr\u00fccklich angeforderter Werbung und Informationsmaterialien wird hiermit widersprochen. Die Betreiber der Seiten behalten sich ausdr\u00fccklich rechtliche Schritte im Falle der unverlangten Zusendung von Werbeinformationen, etwa durch Spam-E-Mails, vor.<\/p>\n","protected":false},"excerpt":{"rendered":"<p>Walburga Sch\u00e4ll Pl\u00f6tzenstr. 14 31139 Hildesheim Tel. 05121-266996 www.schaell.info Berufsbezeichnung: Heilpraktikerin \u00a0Verliehen durch: Gesundheitsamt Neu Strelitz Aufsichtsbeh\u00f6rde: Gesundheitsamt Hildesheim Finanzamt Hildesheim &#8211; 30\/140\/08178 Es gelten folgende berufsrechtliche Regelungen: Gesetz \u00fcber die berufsm\u00e4\u00dfige Aus\u00fcbung der Heilkunde ohne Bestallung (Heilpraktikergesetz) Angaben zur Berufshaftpflichtversicherung: Name und Sitz der Gesellschaft: Continentale Sachversicherung AG Ruhrallee 92 44139 Dortmund Geltungsraum der &hellip; <\/p>\n<p class=\"link-more\"><a href=\"https:\/\/schaell.info\/?page_id=22\" class=\"more-link\"><span class=\"screen-reader-text\">\u201eImpressum und Datenschutz\u201c<\/span> weiterlesen<\/a><\/p>\n","protected":false},"author":1,"featured_media":0,"parent":0,"menu_order":0,"comment_status":"closed","ping_status":"closed","template":"","meta":{"footnotes":""},"_links":{"self":[{"href":"https:\/\/schaell.info\/index.php?rest_route=\/wp\/v2\/pages\/22"}],"collection":[{"href":"https:\/\/schaell.info\/index.php?rest_route=\/wp\/v2\/pages"}],"about":[{"href":"https:\/\/schaell.info\/index.php?rest_route=\/wp\/v2\/types\/page"}],"author":[{"embeddable":true,"href":"https:\/\/schaell.info\/index.php?rest_route=\/wp\/v2\/users\/1"}],"replies":[{"embeddable":true,"href":"https:\/\/schaell.info\/index.php?rest_route=%2Fwp%2Fv2%2Fcomments&post=22"}],"version-history":[{"count":11,"href":"https:\/\/schaell.info\/index.php?rest_route=\/wp\/v2\/pages\/22\/revisions"}],"predecessor-version":[{"id":145,"href":"https:\/\/schaell.info\/index.php?rest_route=\/wp\/v2\/pages\/22\/revisions\/145"}],"wp:attachment":[{"href":"https:\/\/schaell.info\/index.php?rest_route=%2Fwp%2Fv2%2Fmedia&parent=22"}],"curies":[{"name":"wp","href":"https:\/\/api.w.org\/{rel}","templated":true}]}}