{"id":45,"date":"2018-04-13T15:01:08","date_gmt":"2018-04-13T15:01:08","guid":{"rendered":"http:\/\/schaell.info\/?page_id=45"},"modified":"2025-11-06T08:27:30","modified_gmt":"2025-11-06T07:27:30","slug":"klassische-homoeopathie","status":"publish","type":"page","link":"https:\/\/schaell.info\/?page_id=45","title":{"rendered":"Klassische Hom\u00f6opathie"},"content":{"rendered":"<p><img loading=\"lazy\" decoding=\"async\" class=\"alignleft wp-image-56\" src=\"http:\/\/schaell.info\/wp-content\/uploads\/2018\/04\/ButtonHom\u0161opathie.png\" alt=\"\" width=\"137\" height=\"141\" \/>\u201e\u2026 ich glaube jetzt eifriger denn je an die Lehre des wundersamen Arztes, seitdem ich die Wirkung einer allerkleinsten Gabe so lebhaft gef\u00fchlt und immer wieder empfinde.&#8220;<br \/>\nJohann Wolfgang v. Goethe<\/p>\n<p>Hom\u00f6opathie ist kein Fachbegriff f\u00fcr Naturheilkunde, sondern bezeichnet eine eigenst\u00e4ndige, \u00fcber 200 Jahre alte Heilmethode, die von dem Arzt Dr. Christian Friedrich Hahnemann (1755 &#8211; 1843) begr\u00fcndet und entwickelt wurde. Das Wort Hom\u00f6opathie entstammt der griechischen Sprache und bedeutet \u201e\u00e4hnlich leiden\u201c (homoios: \u00e4hnlich; pathos: leiden).<\/p>\n<p>Die klassische Hom\u00f6opathie folgt klaren Gesetzm\u00e4\u00dfigkeiten, die sich grundlegend von Naturheilverfahren oder konservativen Behandlungen unterscheiden. Es gibt \u00fcber 3000 hom\u00f6opathische Arzneimittel, deren Ausgangsstoffe pflanzlich, mineralisch, organisch sowie anorganisch sind.<\/p>\n<p>Die Krankheit oder das Symptom wird als Ausdruck einer \u201eVerstimmung der Lebenskraft\u201c gesehen und es wird der Mensch in seiner Gesamtheit behandelt. Somit bekommt nicht jeder Patient, der z.B. an Heuschnupfen erkrankt ist, das gleiche Medikament.<\/p>\n<p>Kein Patient ist wie der andere, also ben\u00f6tigt auch jeder ein auf ihn abgestimmtes Medikament. Die Verabreichung erfolgt in Globuli. Im Gespr\u00e4ch mache ich mir ein Bild von der (Kranken-) Geschichte meiner Patienten, diese Anamnese dauert im Durchschnitt 90 Minuten.<\/p>\n<p>Erkrankt ein einzelner Teil des K\u00f6rpers oder ein Organ, so ist damit der gesamte Organismus beeintr\u00e4chtigt. So k\u00f6nnen k\u00f6rperliche Beschwerden den Gem\u00fctszustand in Mitleidenschaft ziehen und umgekehrt. F\u00fcr eine hom\u00f6opathie Mittelfindung sind daher auch Symptome wichtig, die auf den ersten Blick nichts mit dem erkrankten Organ zu tun haben.<\/p>\n<p>Zur Auffindung des richtigen Arzneimittels, werden au\u00dfer der aufgetretenen Krankheit individuelle Probleme des Patienten, seine Lebensgewohnheiten, Vorlieben und Abneigungen, Sorgen, \u00c4ngste und andere Aspekte mit herangezogen. Danach erfolgt die Auswertung. Erst dann bekommt der Patient ein individuell f\u00fcr ihn ausgew\u00e4hltes Mittel. Das nach dem \u201e\u00c4hnlichkeitsprinzip\u201c Arzneimittel stimuliert nun die \u201everstimmte Lebenskraft\u201c. Der Organismus kommt in Balance und es erfolgt die Genesung.<\/p>\n<p>Klassische Hom\u00f6opathie wird bei akuten und chronischen Erkrankungen sowie psychischen, mentalen oder emotionalen St\u00f6rungen angewendet und kann auch bei schwerden Erkrankungen wie Asthma, Migr\u00e4ne, Neurodermitis, Rheuma, Burn-Out-Syndrom, ADS, ADHS helfen. Grunds\u00e4tzlich gibt es keine Einschr\u00e4nkung. (Einige Erkrankungen, d\u00fcrfen durch gesetzliche Regelungen nicht von Heilpraktikern behandelt werden)<\/p>\n<p>Oft kann Hom\u00f6opathie helfen, wenn herk\u00f6mmliche Methoden versagen\u00a0 oder sie k\u00f6nnen begleitend eingesetzt werden. Mein Ziel ist es, Menschen, gleich welchen Alters und Geschlechts, ein hohes Ma\u00df an Gesundheit und Lebensqualit\u00e4t zu erm\u00f6glichen. So sehe ich mich als Wegbegleiter, der dann zur Verf\u00fcgung steht, wenn die eigene (Lebens-) Kraft nicht mehr ausreicht, um den Zustand von Gesundheit und Wohlbefinden wiederherzustellen.<\/p>\n<p><strong>Revolutionierte Hom\u00f6opathie nach Dr. Sehgal (1929-2002)<br \/>\n<\/strong><br \/>\nDer indische Arzt und Hom\u00f6opath Dr. M. L. Sehgal hat die klassische Hom\u00f6opathie entscheidend weiterentwickelt. F\u00fcr ihn zeichnet sich der Mensch explizit durch seine individuelle Gem\u00fctslage, insbesondere w\u00e4hrend seiner Krankheit aus. So entwickelte er seine Methode, bei der die hom\u00f6opathische Mittelfindung ausschlie\u00dflich aufgrund der Geistes- und Gem\u00fctssymptome erfolgt.<\/p>\n","protected":false},"excerpt":{"rendered":"<p>\u201e\u2026 ich glaube jetzt eifriger denn je an die Lehre des wundersamen Arztes, seitdem ich die Wirkung einer allerkleinsten Gabe so lebhaft gef\u00fchlt und immer wieder empfinde.&#8220; Johann Wolfgang v. Goethe Hom\u00f6opathie ist kein Fachbegriff f\u00fcr Naturheilkunde, sondern bezeichnet eine eigenst\u00e4ndige, \u00fcber 200 Jahre alte Heilmethode, die von dem Arzt Dr. Christian Friedrich Hahnemann (1755 &hellip; <\/p>\n<p class=\"link-more\"><a href=\"https:\/\/schaell.info\/?page_id=45\" class=\"more-link\"><span class=\"screen-reader-text\">\u201eKlassische Hom\u00f6opathie\u201c<\/span> weiterlesen<\/a><\/p>\n","protected":false},"author":1,"featured_media":0,"parent":0,"menu_order":0,"comment_status":"closed","ping_status":"closed","template":"","meta":{"footnotes":""},"_links":{"self":[{"href":"https:\/\/schaell.info\/index.php?rest_route=\/wp\/v2\/pages\/45"}],"collection":[{"href":"https:\/\/schaell.info\/index.php?rest_route=\/wp\/v2\/pages"}],"about":[{"href":"https:\/\/schaell.info\/index.php?rest_route=\/wp\/v2\/types\/page"}],"author":[{"embeddable":true,"href":"https:\/\/schaell.info\/index.php?rest_route=\/wp\/v2\/users\/1"}],"replies":[{"embeddable":true,"href":"https:\/\/schaell.info\/index.php?rest_route=%2Fwp%2Fv2%2Fcomments&post=45"}],"version-history":[{"count":11,"href":"https:\/\/schaell.info\/index.php?rest_route=\/wp\/v2\/pages\/45\/revisions"}],"predecessor-version":[{"id":142,"href":"https:\/\/schaell.info\/index.php?rest_route=\/wp\/v2\/pages\/45\/revisions\/142"}],"wp:attachment":[{"href":"https:\/\/schaell.info\/index.php?rest_route=%2Fwp%2Fv2%2Fmedia&parent=45"}],"curies":[{"name":"wp","href":"https:\/\/api.w.org\/{rel}","templated":true}]}}