{"id":5,"date":"2020-01-19T14:23:00","date_gmt":"2020-01-19T13:23:00","guid":{"rendered":"http:\/\/schaell.info\/?page_id=5"},"modified":"2025-11-06T09:21:27","modified_gmt":"2025-11-06T08:21:27","slug":"ueber-mich","status":"publish","type":"page","link":"https:\/\/schaell.info\/?page_id=5","title":{"rendered":"\u00dcber mich"},"content":{"rendered":"<p style=\"text-align: left;\"><img loading=\"lazy\" decoding=\"async\" class=\"wp-image-74 size-full alignnone\" src=\"http:\/\/schaell.info\/wp-content\/uploads\/2018\/07\/DSC_1655-1.jpg\" alt=\"\" width=\"5916\" height=\"3862\" srcset=\"https:\/\/schaell.info\/wp-content\/uploads\/2018\/07\/DSC_1655-1.jpg 5916w, https:\/\/schaell.info\/wp-content\/uploads\/2018\/07\/DSC_1655-1-300x196.jpg 300w, https:\/\/schaell.info\/wp-content\/uploads\/2018\/07\/DSC_1655-1-768x501.jpg 768w, https:\/\/schaell.info\/wp-content\/uploads\/2018\/07\/DSC_1655-1-1024x668.jpg 1024w\" sizes=\"(max-width: 767px) 89vw, (max-width: 1000px) 54vw, (max-width: 1071px) 543px, 580px\" \/>Mein Ziel ist es, m\u00f6glichst vielen Menschen, zu mehr Lebensqualit\u00e4t in den verschiedensten Bereichen zu verhelfen,. Ich arbeite seit 1996 mit klassischer Hom\u00f6opathie. Seit 2010 biete ich auch Coachings nach NLP und anderen Mehoden, Achtsamkeitstraining und Mediation in meiner Praxis an.<\/p>\n<p style=\"text-align: left;\">Hom\u00f6opathie ist f\u00fcr mich die beste Methode, um akute und chronische Erkrankungen zu lindern und zu heilen. Der Mensch mit seinen Leiden und N\u00f6ten, seien sie k\u00f6rperlicher, seelischer oder mentaler Natur, steht im Mittelpunkt und nicht das aufgetretene Symptom.<\/p>\n<p>Die Heilung erfolgt durch Anregung der Selbstheilungskr\u00e4fte. K\u00f6rper, Seele und Geist werden ins Gleichgewicht gebracht und eine nachhaltige Heilung kann erfolgen.<\/p>\n<p>Menschen, die an pers\u00f6nlicher Weiterentwicklung, Stressabbau und \u2013pr\u00e4vention interessiert sind, ihre Kommunikation mit anderen verbessern oder Blockaden im Leben \u00fcberwinden m\u00f6chten, coache ich mit den Techniken des NLP, sowie mit Trainings zum achtsamen Umgang mit sich selbst, sowie mit anderen. Mit diesen Methode steht jedem Klienten ein effizientes Werkzeug, zur Verf\u00fcgung, das sofort im t\u00e4glichen Umgang genutzt werden kann.<\/p>\n<p>Mediation ist immer dann sinnvoll, wenn sich zwei oder mehrere Parteien in einem Konflikt befinden. Eine gezielte Vorgehensweise erm\u00f6glicht das Finden von L\u00f6sungen.<\/p>\n","protected":false},"excerpt":{"rendered":"<p>Mein Ziel ist es, m\u00f6glichst vielen Menschen, zu mehr Lebensqualit\u00e4t in den verschiedensten Bereichen zu verhelfen,. Ich arbeite seit 1996 mit klassischer Hom\u00f6opathie. Seit 2010 biete ich auch Coachings nach NLP und anderen Mehoden, Achtsamkeitstraining und Mediation in meiner Praxis an. Hom\u00f6opathie ist f\u00fcr mich die beste Methode, um akute und chronische Erkrankungen zu lindern &hellip; <\/p>\n<p class=\"link-more\"><a href=\"https:\/\/schaell.info\/?page_id=5\" class=\"more-link\"><span class=\"screen-reader-text\">\u201e\u00dcber mich\u201c<\/span> weiterlesen<\/a><\/p>\n","protected":false},"author":1,"featured_media":0,"parent":0,"menu_order":0,"comment_status":"closed","ping_status":"closed","template":"","meta":{"footnotes":""},"_links":{"self":[{"href":"https:\/\/schaell.info\/index.php?rest_route=\/wp\/v2\/pages\/5"}],"collection":[{"href":"https:\/\/schaell.info\/index.php?rest_route=\/wp\/v2\/pages"}],"about":[{"href":"https:\/\/schaell.info\/index.php?rest_route=\/wp\/v2\/types\/page"}],"author":[{"embeddable":true,"href":"https:\/\/schaell.info\/index.php?rest_route=\/wp\/v2\/users\/1"}],"replies":[{"embeddable":true,"href":"https:\/\/schaell.info\/index.php?rest_route=%2Fwp%2Fv2%2Fcomments&post=5"}],"version-history":[{"count":11,"href":"https:\/\/schaell.info\/index.php?rest_route=\/wp\/v2\/pages\/5\/revisions"}],"predecessor-version":[{"id":144,"href":"https:\/\/schaell.info\/index.php?rest_route=\/wp\/v2\/pages\/5\/revisions\/144"}],"wp:attachment":[{"href":"https:\/\/schaell.info\/index.php?rest_route=%2Fwp%2Fv2%2Fmedia&parent=5"}],"curies":[{"name":"wp","href":"https:\/\/api.w.org\/{rel}","templated":true}]}}